{"version":"1.0","provider_name":"COFLP","provider_url":"https:\/\/www.coflaspalmas.es\/es","author_name":"Mercedes Herrera","author_url":"https:\/\/www.coflaspalmas.es\/es\/empleador\/mercedes-herrera-3\/","title":"Jornadas de Primavera NEUMOCAN - COFLP","type":"rich","width":600,"height":338,"html":"<blockquote class=\"wp-embedded-content\" data-secret=\"u7dEzAJHKJ\"><a href=\"https:\/\/www.coflaspalmas.es\/es\/class\/jornadas-de-primavera-neumocan\/\">Jornadas de Primavera NEUMOCAN<\/a><\/blockquote><iframe sandbox=\"allow-scripts\" security=\"restricted\" src=\"https:\/\/www.coflaspalmas.es\/es\/class\/jornadas-de-primavera-neumocan\/embed\/#?secret=u7dEzAJHKJ\" width=\"600\" height=\"338\" title=\"\u00abJornadas de Primavera NEUMOCAN\u00bb \u2014 COFLP\" data-secret=\"u7dEzAJHKJ\" frameborder=\"0\" marginwidth=\"0\" marginheight=\"0\" scrolling=\"no\" class=\"wp-embedded-content\"><\/iframe><script type=\"text\/javascript\">\n\/* <![CDATA[ *\/\n\/*! This file is auto-generated *\/\n!function(d,l){\"use strict\";l.querySelector&&d.addEventListener&&\"undefined\"!=typeof URL&&(d.wp=d.wp||{},d.wp.receiveEmbedMessage||(d.wp.receiveEmbedMessage=function(e){var t=e.data;if((t||t.secret||t.message||t.value)&&!\/[^a-zA-Z0-9]\/.test(t.secret)){for(var s,r,n,a=l.querySelectorAll('iframe[data-secret=\"'+t.secret+'\"]'),o=l.querySelectorAll('blockquote[data-secret=\"'+t.secret+'\"]'),c=new RegExp(\"^https?:$\",\"i\"),i=0;i<o.length;i++)o[i].style.display=\"none\";for(i=0;i<a.length;i++)s=a[i],e.source===s.contentWindow&&(s.removeAttribute(\"style\"),\"height\"===t.message?(1e3<(r=parseInt(t.value,10))?r=1e3:~~r<200&&(r=200),s.height=r):\"link\"===t.message&&(r=new URL(s.getAttribute(\"src\")),n=new URL(t.value),c.test(n.protocol))&&n.host===r.host&&l.activeElement===s&&(d.top.location.href=t.value))}},d.addEventListener(\"message\",d.wp.receiveEmbedMessage,!1),l.addEventListener(\"DOMContentLoaded\",function(){for(var e,t,s=l.querySelectorAll(\"iframe.wp-embedded-content\"),r=0;r<s.length;r++)(t=(e=s[r]).getAttribute(\"data-secret\"))||(t=Math.random().toString(36).substring(2,12),e.src+=\"#?secret=\"+t,e.setAttribute(\"data-secret\",t)),e.contentWindow.postMessage({message:\"ready\",secret:t},\"*\")},!1)))}(window,document);\n\/\/# sourceURL=https:\/\/www.coflaspalmas.es\/wp-includes\/js\/wp-embed.min.js\n\/* ]]> *\/\n<\/script>\n","description":"Jornadas de Primavera de NEUMOCAN Organizadas por la Asociaci\u00f3n Canaria de Neumolog\u00eda y Cirug\u00eda Tor\u00e1cica, que se celebrar\u00e1n los d\u00edas 19 y 20 de mayo de 2023 de manera presencial en el C\u00edrculo de la Amistad XII de Enero en Santa Cruz de Tenerife, donde se abordar\u00e1n temas de actualizaci\u00f3n en salud respiratoria, sobre el [&hellip;]"}

Jornadas de Primavera de NEUMOCAN Organizadas por la Asociación Canaria de Neumología y Cirugía Torácica, que se celebrarán los días 19 y 20 de mayo de 2023 de manera presencial en el Círculo de la Amistad XII de Enero en Santa Cruz de Tenerife, donde se abordarán temas de actualización en salud respiratoria, sobre el [&hellip;]
